onvert 333 (base 4) to base 13.
4b
Convert 220 (base 5) to base 7.
114
Convert -e (base 15) to base 4.
-32
Convert 24 (base 7) to base 2.
10010
What is -25 (base 10) in base 16?
-19
3 (base 10) to base 7
3
What is 1 (base 2) in base 9?
1
11101 (base 2) to base 8
35
What is 1 (base 7) in base 11?
1
5 (base 16) to base 8
5
29 (base 11) to base 5
111
1 (base 10) to base 5
1
Convert -4 (base 13) to base 6.
-4
-1 (base 14) to base 10
-1
Convert -a (base 16) to base 6.
-14
210 (base 5) to base 9
61
Convert -165 (base 8) to base 12.
-99
-91 (base 14) to base 9
-151
What is -1 (base 8) in base 14?
-1
What is -1 (base 15) in base 13?
-1
Convert 0 (base 16) to base 8.
0
243 (base 11) to base 13
193
3 (base 8) to base 14
3
What is 1 (base 16) in base 9?
1
What is -11000 (base 2) in base 7?
-33
-12 (base 6) to base 11
-8
What is 6 (base 15) in base 10?
6
-23 (base 13) to base 15
-1e
Convert -2121 (base 3) to base 4.
-1012
What is -32 (base 13) in base 11?
-38
-1a (base 12) to base 2
-10110
-10 (base 2) to base 12
-2
20 (base 3) to base 13
6
Convert 26 (base 12) to base 14.
22
-13 (base 4) to base 8
-7
2 (base 8) to base 16
2
What is 4 (base 11) in base 8?
4
3 (base 6) to base 2
11
Convert 116 (base 11) to base 16.
8a
What is 2 (base 11) in base 16?
2
Convert -11 (base 6) to base 13.
-7
What is -6 (base 7) in base 11?
-6
2 (base 3) to base 2
10
Convert -102 (base 9) to base 4.
-1103
What is 2 (base 8) in base 14?
2
Convert 3 (base 16) to base 5.
3
What is 1 (base 9) in base 7?
1
Convert -1aa (base 11) to base 2.
-11110001
Convert -1d (base 14) to base 13.
-21
What is 0 (base 8) in base 12?
0
What is 27 (base 15) in base 9?
41
Convert -138 (base 9) to base 13.
-8c
Convert 15 (base 9) to base 8.
16
-21 (base 3) to base 10
-7
Convert 27 (base 8) to base 10.
23
Convert 1 (base 10) to base 9.
1
Convert 3b (base 12) to base 5.
142
-120 (base 3) to base 12
-13
What is 5 (base 15) in base 3?
12
Convert bb (base 14) to base 8.
245
Convert 4 (base 9) to base 12.
4
Convert -16 (base 16) to base 8.
-26
Convert -4 (base 7) to base 11.
-4
-4c (base 15) to base 6
-200
Convert -15 (base 15) to base 13.
-17
-2b (base 14) to base 11
-36
-18 (base 16) to base 13
-1b
Convert -20 (base 4) to base 14.
-8
2b (base 14) to base 10
39
Convert -10 (base 2) to base 10.
-2
Convert -111000 (base 2) to base 11.
-51
1 (base 6) to base 8
1
Convert -1 (base 12) to base 16.
-1
What is 1 (base 4) in base 15?
1
What is 300 (base 4) in base 13?
39
What is -150 (base 9) in base 4?
-1332
What is -302 (base 6) in base 16?
-6e
What is -a (base 16) in base 10?
-10
What is 110 (base 3) in base 13?
c
3 (base 14) to base 11
3
Convert -51 (base 7) to base 10.
-36
Convert 2 (base 13) to base 9.
2
21 (base 9) to base 11
18
Convert 45 (base 8) to base 4.
211
What is 0 (base 13) in base 3?
0
What is 124 (base 11) in base 4?
2103
What is -2 (base 13) in base 14?
-2
What is 3 (base 15) in base 11?
3
Convert 1231 (base 5) to base 10.
191
What is -38 (base 16) in base 13?
-44
Convert -200 (base 3) to base 12.
-16
What is -2 (base 11) in base 12?
-2
Convert 120 (base 3) to base 10.
15
What is -78 (base 10) in base 6?
-210
Convert 103 (base 11) to base 8.
174
Convert 2 (base 14) to base 2.
10
Convert 11 (base 10) to base 11.
10
What is 132 (base 6) in base 10?
56
What is -c (base 16) in base 3?
-110
10110111 (base 2) to base 12
133
What is 30 (base 5) in base 13?
12
What is -111 (base 2) in base 9?
-7
What is -101 (base 2) in base 13?
-5
111 (base 2) to base 11
7
100001101 (base 2) to base 4
10031
Convert 32 (base 6) to base 13.
17
What is 2 (base 3) in base 16?
2
27 (base 13) to base 11
30
-13a (base 14) to base 6
-1052
What is -5 (base 16) in base 13?
-5
Convert 56 (base 15) to base 8.
121
What is 0 (base 11) in base 7?
0
What is 1121 (base 3) in base 12?
37
-9 (base 11) to base 4
-21
-2 (base 8) to base 9
-2
Convert 49 (base 15) to base 13.
54
What is -14 (base 5) in base 11?
-9
Convert -52 (base 13) to base 10.
-67
What is 6 (base 10) in base 14?
6
3a (base 14) to base 5
202
Convert -10 (base 4) to base 15.
-4
What is 43 (base 7) in base 12?
27
-114 (base 10) to base 8
-162
-4 (base 13) to base 5
-4
Convert -9 (base 11) to base 14.
-9
12 (base 3) to base 6
5
-16 (base 12) to base 9
-20
Convert 4 (base 8) to base 9.
4
Convert -3 (base 5) to base 7.
-3
1100 (base 2) to base 15
c
Convert 0 (base 3) to base 11.
0
Convert 3 (base 10) to base 6.
3
What is -204 (base 6) in base 15?
-51
Convert -88 (base 9) to base 11.
-73
What is -43 (base 5) in base 2?
-10111
151 (base 9) to base 3
11201
Convert 200 (base 3) to base 12.
16
-83 (base 16) to base 4
-2003
76 (base 8) to base 4
332
-3 (base 16) to base 12
-3
What is -12 (base 4) in base 5?
-11
3 (base 4) to base 7
3
Convert 1 (base 4) to base 6.
1
What is 1c (base 16) in base 5?
103
28 (base 15) to base 6
102
4 (base 11) to base 12
4
What is 210 (base 3) in base 11?
1a
-2101 (base 5) to base 3
-101020
-2 (base 4) to base 11
-2
-102 (base 3) to base 12
-b
-100 (base 2) to base 3
-11
What is 14 (base 12) in base 10?
16
What is -20 (base 8) in base 6?
-24
Convert -6 (base 10) to base 2.
-110
0 (base 9) to base 8
0
Convert -38 (base 15) to base 2.
-110101
What is -3 (base 16) in base 12?
-3
Convert -11 (base 2) to base 10.
-3
What is 71 (base 11) in base 10?
78
Convert 11 (base 7) to base 8.
10
-6b (base 15) to base 11
-92
Convert -4 (base 13) to base 10.
-4
1 (base 13) to base 7
1
Convert a6 (base 15) to base 8.
234
Convert b (base 14) to base 11.
10
What is -1 (base 15) in base 5?
-1
10 (base 7) to base 9
7
Convert -1 (base 4) to base 15.
-1
Convert 27 (base 9) to base 8.
31
What is -25 (base 7) in base 3?
-201
Convert -16 (base 8) to base 2.
-1110
-7 (base 15) to base 2
-111
What is 130 (base 6) in base 11?
4a
What is 31 (base 11) in base 7?
46
-21210 (base 3) to base 16
-d2
Convert -3 (base 13) to base 2.
-11
What is -45 (base 7) in base 8?
-41
Convert 0 (base 7) to base 14.
0
What is -9 (base 14) in base 2?
-1001
What is 17 (base 9) in base 5?
31
What is -13 (base 11) in base 14?
-10
What is 3 (base 15) in base 14?
3
-3 (base 12) to base 11
-3
122 (base 9) to base 4
1211
What is 52 (base 12) in base 8?
76
Convert -12 (base 4) to base 7.
-6
What is -2 (base 15) in base 3?
-2
-5 (base 9) to base 12
-5
Convert -111 (base 10) to base 3.
-11010
Convert 4 (base 9) to base 14.
4
Convert 3 (base 4) to base 14.
3
Convert 3 (base 10) to base 3.
10
What is 1 (base 7) in base 12?
1
What is 4 (base 12) in base 14?
4
Convert 4 (base 5) to base 10.
4
Convert 4 (base 15) to base 16.
4
What is -75 (base 16) in base 3?
-11100
What is -10011 (base 2) in base 6?
-31
Convert -2 (base 15) to base 10.
-2
What is 7a (base 16) in base 2?
1111010
-4 (base 14) to base 12
-4
143 (base 9) to base 11
aa
Convert 4 (base 8) to base 3.
11
Convert -35 (base 10) to base 12.
-2b
What is 3 (base 13) in base 14?
3
What is 11 (base 4) in base 7?
5
-23 (base 10) to base 6
-35
Convert 4 (base 9) to base 15.
4
What is 9 (base 14) in base 10?
9
What is -c7 (base 14) in base 15?
-ba
What is -4 (base 9) in base 5?
-4
2200 (base 4) to base 8
240
What is -d (base 16) in base 10?
-13
-10 (base 4) to base 13
-4
Convert -2 (base 13) to base 11.
-2
What is -3 (base 16) in base 7?
-3
-21 (base 10) to base 4
-111
Convert 5 (base 9) to base 7.
5
What is -161 (base 10) in base 15?
-ab
-6b (base 16) to base 8
-153
What is 10110 (base 3) in base 12?
79
Convert -433 (base 5) to base 15.
-7d
Convert -210 (base 3) to base 4.
-111
-4 (base 13) to base 7
-4
What is 10110 (base 2) in base 10?
22
-1d (base 14) to base 9
-30
Convert -12 (base 3) to base 6.
-5
What is 4 (base 15) in base 9?
4
What is 7 (base 13) in base 8?
7
What is 40 (base 12) in base 2?
110000
What is -2 (base 7) in base 16?
-2
-7 (base 12) to base 9
-7
-2 (base 6) to base 12
-2
1 (base 12) to base 10
1
Convert 301 (base 4) to base 10.
49
What is 12 (base 5) in base 16?
7
d7 (base 14) to base 2
10111101
What is -14 (base 6) in base 2?
-1010
What is -240 (base 6) in base 12?
-80
What is 101 (base 6) in base 10?
37
54 (base 6) to base 11
31
21 (base 4) to base 14
9
What is -137 (base 9) in base 6?
-311
Convert 1 (base 7) to base 8.
1
Convert 101111 (base 2) to base 15.
32
What is 7 (base 16) in base 3?
21
What is 4 (base 8) in base 7?
4
Convert -6 (base 16) t